y, 0 = -2*t - 2*y - 3*y + 40. What is the highest common divisor of t and s?
5
Let o(d) = d**3 - 65*d**2 - 175*d - 352. Let z be o(68). Calculate the greatest common factor of z and 40.
20
Suppose -14*n - 2000 = -4058 - 2954. What is the highest common divisor of 74 and n?
2
Suppose 0 = -5*k - 4*s + 3*s + 13, 0 = k - 2*s + 4. Let j be (-8)/(5/(-40)*2). Calculate the highest common factor of j and k.
2
Let a = 12 + -14. Let y = a - -4. Let i be (19 - -4 - 10) + (1 - -4). What is the highest common divisor of i and y?
2
Let p be 42/35*(-2 + (-3104)/3). Let g = -515 - p. What is the greatest common divisor of g and 27?
27
Let b(v) = 209*v + 228. Let a be b(0). What is the highest common factor of 5244 and a?
228
Let n = 5152 + -3883. Calculate the highest common divisor of 2679 and n.
141
Let p be 4 + (-7 - (2 + -3)) - 788. Let b = p + 1307. What is the greatest common factor of 94 and b?
47
Let k = -138 - -140. Suppose -6*f + f + k*b = -1037, -3*f - 5*b = -616. Calculate the greatest common divisor of f and 23.
23
Let t(l) = 2989*l**3 - 4*l**2 + 45*l - 83. Let k be t(2). What is the highest common divisor of 41 and k?
41
Suppose 4*i - 35 = -g, -13*i + 9*i = 3*g - 97. Let c be -2 + (-1)/(3/(-99)). What is the greatest common factor of g and c?
31
Let y = -18 - -18. Suppose -9*g = -y*g. Suppose -8*n + 12*n - 76 = g. What is the greatest common divisor of 114 and n?
19
Suppose 5*l - 10*l = -25. Let r be 1*(803/5 - 6/(-15)). Suppose 2*m + 2*m = 2*c + 228, r = 3*m + c. Calculate the greatest common factor of l and m.
5
Let w = 203 + -190. Suppose -15*c = -w*c + 4*u - 666, 5*c - 1720 = u. Calculate the highest common factor of 7 and c.
7
Suppose -4*j = -47 - 49. Suppose -j - 30 = -6*y. What is the greatest common factor of y and 171?
9
Suppose -75 = -f - 2*f + 3*r, -113 = -5*f + 2*r. Suppose f = 3*z - 3. What is the greatest common factor of 56 and z?
8
Let d = -85 - -11. Let c = d - -78. Suppose -k = -0*k + 4*q - 34, -52 = -c*k + 5*q. What is the greatest common factor of 2 and k?
2
Suppose -77*l + 27131 = -43709. What is the greatest common factor of l and 50?
10
Let x(r) = 27*r**2 + 5*r - 2. Let g be x(2). Suppose -2*b = -2*o + g, -26 + 10 = 4*o. Let s = -34 - b. Calculate the greatest common factor of s and 14.
14
Suppose -5*q - 5*t + 125 = 0, 0 = -3*q + 6*t - 3*t + 51. Calculate the greatest common divisor of 273 and q.
21
Suppose 3*m = -2*j - 2*j - 1641, m = 5*j + 2075. Let f = 420 + j. Suppose 16 = 2*y - 8. What is the highest common divisor of f and y?
6
Suppose 12 = 5*i + 7. Let d be ((-2)/(-2*i))/((-30)/(-270)). Suppose -4*r - 115 + 397 = 3*z, -2*z + 177 = -r. Calculate the greatest common divisor of d and z.
9
Suppose l = -d + 3*l + 29, -2*l = 2*d - 88. Let m be ((-3)/(-4)*-10)/(7/(-182)). Calculate the greatest common divisor of d and m.
39
Let j(c) = -c**3 + 8*c**2 + 3*c - 64. Let i be j(7). What is the highest common factor of i and 1788?
6
Suppose -5*w = 2*g - 4085, 2*g - 9*w - 2285 - 1702 = 0. What is the highest common factor of g and 162?
81
Let o(l) = -l**3 + 23*l**2 + 142*l - 23. Let x be o(28). Let k = -50 - -105. What is the highest common factor of x and k?
11
Let t(y) = y**3 + 4*y**2 + 107*y - 1089. Let b be t(12). What is the greatest common factor of 5712 and b?
357
Let k be (6/(-3))/((-144)/288). Suppose 3*f - 192 = -5*g, 0 = 4*g + 2*f + 21 - 173. What is the highest common factor of g and k?
4
Let n(p) = 3*p**2 + 24*p + 6. Let q be n(-8). Suppose -q + 16 = 5*z. Suppose 35 = 3*l + o + o, -l + 9 = -z*o. Calculate the greatest common factor of 22 and l.
11
Let n = 12718 + -12510. What is the greatest common divisor of 923 and n?
13
Let i(a) = 8*a**3 + 13*a**2 - 36*a - 6. Let m be i(3). What is the highest common factor of m and 192?
3
Suppose 985 + 508 + 12277 = 85*u. Calculate the highest common factor of 23409 and u.
81
Let a = -1218 - -1630. What is the highest common divisor of a and 12?
4
Suppose 21*t = 16*t + 105. Suppose -t*m = -16*m + 305. Let x = m + 89. Calculate the highest common divisor of x and 140.
28
Let t(g) be the first derivative of -g**4/4 + 5*g**3/3 + 3*g**2/2 - 7*g - 173. Let w be t(4). What is the greatest common divisor of w and 119?
7
Suppose 181 - 13 = 3*a. Let q(d) = d**3 - 34*d**2 + 11*d - 105. Let n be q(33). Let l = 847 + n. Calculate the highest common divisor of a and l.
8
Let w be 2*37/740*1710. Suppose -2*q = -10 - 28. Calculate the highest common factor of w and q.
19
Let i = 7917 + -7903. Calculate the highest common divisor of i and 1155.
7
Suppose -214*k + 4*c = -211*k - 50, -2*k - c = -59. Suppose -m = -0*m - 39. Calculate the greatest common divisor of m and k.
13
Let r(k) = 9*k + 853. Let d be r(-87). Calculate the greatest common factor of d and 365.
5
Suppose -22 - 28 = -2*i. Let v(t) = -11*t**2 - 125*t + 159. Let g be v(-12). What is the highest common factor of g and i?
25
Suppose -62*h = -61*h - 1, -4*d - 3*h + 1011 = 0. What is the greatest common divisor of d and 414?
18
Let c(u) = u**3 - 9*u**2 + 23*u - 27. Suppose 4*w = 3*o - 22, 4*w = -4 - 0. Let f be c(o). What is the greatest common divisor of 12 and f?
3
Let x be (-4)/(-10)*(575 - -955). What is the highest common factor of 243 and x?
9
Let a = 38 + 262. Calculate the greatest common divisor of 1950 and a.
150
Let z be 43/5 - (-2)/5. Suppose -f + 10 = 5*o + 4*f, 3*o + 2*f = z. Let v be o*(-2 - 104/(-20)). Calculate the highest common divisor of v and 2.
2
Let p = 123 + -73. Let y(k) = -k**2 - 30*k - 109. Let q be y(-24). Suppose q*x = 20*x + 75. What is the highest common factor of x and p?
5
Let t = 485 - 185. Calculate the greatest common divisor of 500 and t.
100
Let k = -3837 - -10877. What is the greatest common factor of k and 55?
55
Let u(i) = 20 - 37*i + 11*i + 17. Let a be u(-10). Suppose h = -2*h + 81. Calculate the greatest common divisor of h and a.
27
Let l = 430 - 414. Suppose 7*q - l = -q. Suppose -12 = -3*v - v. Calculate the highest common divisor of v and q.
1
Suppose 0 = -5*i + 55*o - 51*o + 191, 2*o + 8 = 0. Calculate the highest common factor of 2060 and i.
5
Let y be ((-8835)/(-38))/(3*6/108). Calculate the greatest common factor of 495 and y.
45
Suppose w - 6*w = -m + 4005, 5*m + 4*w - 19996 = 0. Calculate the highest common factor of 32 and m.
32
Suppose 1357*k + 3996 = 1359*k. What is the highest common divisor of k and 148?
74
Let d be (-1 - (-1)/3)*(38 - (195 + -7)). Calculate the highest common factor of d and 3850.
50
Suppose 5*d - 4*r = 44, -5*d = -5*r - 87 + 37. Calculate the highest common divisor of 244 and d.
4
Suppose -2*x - o = 82 - 548, o = -2. Calculate the greatest common divisor of x and 1326.
78
Let u = -40 + 24. Let p = u + 24. Let q = -1160 + 1200. Calculate the greatest common divisor of q and p.
8
Let h(c) = -c**3 + 7*c**2 + 4*c - 9. Let x be h(7). Let w(y) = -y**3 + 9*y**2 + 487*y + 56. Let z be w(-18). Calculate the highest common divisor of x and z.
19
Let o(r) = -7*r**3 + 3*r**2 - 36*r - 96. Let w be o(-3). Calculate the highest common divisor of w and 28.
4
Let a(b) = -5*b - b + b - 33. Suppose -5*l + 4*x - 76 = 0, 4*x - 10 - 6 = 0. Let u be a(l). Calculate the greatest common factor of 27 and u.
27
Suppose 23*q = 93*q + 12950. Let r(f) = 43*f + 2. Let j be r(6). Let n = q + j. Calculate the greatest common divisor of 50 and n.
25
Suppose 13*l = -62*l + 1747 + 1778. Calculate the greatest common factor of 5029 and l.
47
Let h(g) = -9*g**3 + 5*g**2 + g + 2. Let t be h(-2). Suppose -4*m = -3*w + 309 - 33, -w = 4*m - t. Calculate the highest common factor of w and 23.
23
Suppose -7*j - 409 = -1641. Let r(n) = 2*n**3 + 54*n**2 - 4*n + 24. Let y be r(-27). What is the highest common factor of j and y?
44
Let b = 7631 - 7581. What is the highest common divisor of 475 and b?
25
Suppose 35*g + i = 37*g - 37654, 0 = g - 3*i - 18842. What is the greatest common divisor of g and 104?
104
Suppose 3*c + 105 + 36 = 0. Let n = c - -59. Let i be (-218)/(-6) + (-14)/42. Calculate the highest common factor of i and n.
12
Let z = 2034 + -1974. What is the greatest common factor of z and 1224?
12
Suppose 15*s + 54 = 459. Suppose -5*m = 7 - s, 3*n = 4*m - 4. Suppose -26 + 170 = n*x. What is the highest common factor of x and 72?
36
Let p be (((-5445)/27)/(-11))/((-60)/(-648)). What is the g